 n(x) = 3*x**3 + 18*x**2 + 5*x + 3. Let h(z) = -z**3 - 9*z**2 - 2*z - 2. Let i(k) = -5*h(k) - 2*n(k). Let s be (-2 - -1)/(1/(-9)). Give i(s).
4
Let o(t) = 3*t - 22. Let h(m) = -6*m + 41. Let g(f) = 6*h(f) + 11*o(f). What is g(-2)?
10
Let j = 67 + -96. Let r = 24 + j. Let p(g) = -g**3 - 6*g**2 - 4*g. What is p(r)?
-5
Let b be 3*(3 - 4) - -16. Let h = b + -12. Let c(f) = 6 - f**3 + 6*f**2 + h - 12*f**2 - 2 + f. Calculate c(-6).
-1
Suppose 4*u = u + 6. Let j(m) = -1 - 7*m**u + 8*m**2 - m**3 + 0 + m. Suppose 4*i - i + 4*l = 10, 8 = 3*i + 2*l. What is j(i)?
-3
Suppose -4*y + 4*z + 33 = -3*z, 0 = -2*y - 2*z. Let g(j) be the third derivative of 1/6*j**y + 0 + 1/20*j**5 + 5*j**2 + 1/8*j**4 + 1/120*j**6 + 0*j. Give g(-2).
-1
Suppose 4*z - z = -21. Let w = -5 - z. Let u(y) = 0*y**w + 0*y - y**2 - 1 + 3*y. Calculate u(3).
-1
Let g(w) = -w**3 + 14*w**2 + 2*w - 26. Suppose 3*z + 5*c = 62, -10*c + 12*c + 48 = 4*z. Determine g(z).
2
Let h be (8 + -2)*(-2)/(-4). Let r(i) = i + 2 - 3 + h*i. Suppose -2*m - 17 + 19 = 4*x, 9 = -4*m + 5*x. Give r(m).
-5
Suppose 0 = 4*a - 5 + 17. Let x(b) be the third derivative of 1/120*b**6 + 1/2*b**3 + 1/20*b**5 + 0*b + 3*b**2 + 5/24*b**4 + 0. Give x(a).
-12
Suppose 0*z = z - 5. Let k(a) be the third derivative of a**4/8 - 2*a**3/3 - 1254*a**2. Calculate k(z).
11
Let h be (-1 - -2)/(-1)*6. Let x(c) be the third derivative of c**4/24 + c**3/2 - 2008*c**2. What is x(h)?
-3
Let k be ((0/4)/(-3))/(-1). Let q(t) = -t + 3. Give q(k).
3
Let l(p) = -9*p**2 - 24 + 8*p**2 + 4*p + 28 + 17 + 6. Give l(7).
6
Let a be ((-80)/48)/((-1)/(-3)). Let b(k) = 1. Let f(i) = -i - 3. Let c(g) = 5*b(g) - f(g). Calculate c(a).
3
Let k(s) = -3*s - 4. Suppose 0 = 4*a + 5*l + 1 + 12, -a + 3*l = -1. Determine k(a).
2
Let v = -5 + -7. Let l = v + 14. Let c(x) = 2 + 8*x**2 + l - 9*x**2. Determine c(-3).
-5
Let i(p) = 2*p**3 + 16*p**2 - 8*p + 5. Let c(b) = -b**3 - 3*b**2 + b - 1. Let w(y) = -3*c(y) - i(y). What is w(6)?
-8
Let o(f) = -11*f + 1. Suppose -5*u = -26*u + 42. Determine o(u).
-21
Let c(q) = -23*q + 15*q + 3 + 7*q**2 - 3*q**2 - q**3 + 0*q**3 + 11*q. What is c(4)?
15
Suppose 0*s + 20 = -5*s, 2*g + 8 = -2*s. Let u(w) = 1 + 7*w**3 + 3*w**2 + g*w**2 - 3*w**2 + 2*w. Calculate u(-1).
-8
Suppose -24 = -6*x + 4*x. Let n = x + -17. Let y(t) = -3*t**2 + t**2 + 3*t**2 - 5 + 5*t. Calculate y(n).
-5
Let q(c) be the first derivative of 3 + 0 + 0 + 3*c**2 - 5. What is q(1)?
6
Suppose 0 = 4*q - w - 16, -4*q + w = -q - 11. Suppose -5*d - 5 = -h - 4*h, -q*d - 5 = -h. Let p(y) = -y + 2. Calculate p(h).
2
Let i(w) be the first derivative of 2 + 2*w + 3*w**2 + 2/3*w**3. Suppose -x + 4 = -2*a + 6, 0 = -2*x - 2*a - 10. Give i(x).
10
Let p(s) = -s**3 + 16*s**2 - 11*s - 57. Let f be p(15). Let d(n) = -n**3 + n**2 - 4*n + 3. Calculate d(f).
-27
Let i(p) = -5*p. Let b be (20/(25/(-5)))/(-4). What is i(b)?
-5
Let i(x) be the third derivative of -x**6/120 + 3*x**5/20 + 7*x**3/6 + 5*x**2. Let q be i(9). Let c = q - 9. Let v(d) = -5*d. Determine v(c).
10
Let u(h) = -2*h - 33. Let m be u(-18). Suppose 1 - 6 = -t, m*t = -4*y + 43. Let r(n) = -n**3 + 7*n**2 + 3. Calculate r(y).
3
Let q(n) = 2*n**3 + 2*n**2 + 4*n + 3. Suppose 3*w + 24 = 3*m - 2*w, 2*m - 3*w - 16 = 0. Suppose -m = -6*h + 2*h. Suppose -g = h - 0. What is q(g)?
-13
Let m(r) = r**3 - 11*r**2 - 2*r + 27. Let j(n) = -3*n**2 + 55*n - 7. Let d be j(18). Give m(d).
5
Let t(w) = 25 - 6 - 9*w - 20 - 9 + w**2. Calculate t(8).
-18
Let b(p) = 14*p + 2. Let s(f) = -7*f + 1. Let h be s(1). Let q be -3*(20/(-75))/(h/(-15)). What is b(q)?
30
Let o(r) = r**3 + 8*r**2 + 6*r + 8. Let i = -36 - -29. What is o(i)?
15
Let c(a) = 7 - a - 11 + 0*a + 2*a. Give c(5).
1
Let g be 0/3 + (6 - (2 - 0)). Let f(l) = -4 + 11 - g - 3*l - 2. Suppose 2*m = -3 - 1. Calculate f(m).
7
Let m be (6 + 3 - -6)/(6/10). Let r(f) = 5*f + 27 - 2*f - m. Give r(-7).
-19
Let w(q) = -4*q**3 - 11*q**2 + 7*q**3 + 2 + 5*q + 15*q - 2*q**3 - 10*q. Give w(10).
2
Suppose -3*x - 6 = -3*u, -3*x - 22*u = -23*u - 4. Let p(i) be the first derivative of -4 - 3*i - 1/3*i**x + 3*i**2. Determine p(4).
5
Suppose 4*c - 5*n = 5, 2*c - 4*n + 1 = -5*n. Let h(k) = -k + c*k + 5*k + 4 - 3*k. What is h(-4)?
0
Let t(g) = g**3 + 5*g**2 - 2*g - 7. Let o(l) = 15*l + 55. Let k be o(-4). Calculate t(k).
3
Suppose 8*c + 2 = 9*c. Suppose -c*t + 5*k + 16 = 0, 4*k = t + 3*k - 5. Let g(m) = 4*m - 3. What is g(t)?
9
Let b(u) = 4*u**2 - 4*u + 2. Let c(m) = 2*m**2 + 3*m**2 - 3*m + 2 - m**2 - m**2. Let l = 35 - 33. Let f(v) = l*b(v) - 3*c(v). Give f(-2).
-8
Let g(d) be the second derivative of d**3/2 - d. Let h(c) = 6*c**2 + 3 + 3*c**2 - 4*c**2 - 3*c - c - c**3. Let v be h(4). Determine g(v).
9
Let c(p) = 11*p - 12. Suppose -4*j + 9 = -11. Let k(a) = -j - 4 + 7*a + 1. Let s(n) = 5*c(n) - 8*k(n). Calculate s(4).
0
Let r(t) be the second derivative of -t**4/12 + 7*t**3/6 + t**2/2 - 10*t + 2. Determine r(6).
7
Let h = 122 - 102. Let l be 2 - 2*(-2 - -15). Let o = l + h. Let y(m) = m**3 + 3*m**2 - 2*m - 3. What is y(o)?
-11
Let o(b) = 4*b**3 - b**2 + b + 1. Let m be o(-1). Let v(j) be the first derivative of j**4/4 + 2*j**3 + 3*j**2 - 6*j + 1. Determine v(m).
-11
Let q(c) = 4*c - 13. Suppose -4*v + f - 42 = -91, -10 = -v + f. Give q(v).
39
Let h(x) = 3*x**2 - 2*x - 1. Let i be h(2). Let o(f) = 5*f - 2*f**2 + 0*f**3 + 2 - 6*f**2 + 3*f**3 - 2*f**3. Determine o(i).
-12
Let g(t) = -2*t**3 + 5*t**2 - 3*t + 3. Suppose k = 24 - 15. Suppose -3*n - 2*n - 3*f = -9, 3*f = n - k. Determine g(n).
-15
Let r be 16 + (-1 - 12/(-4)). Let k = 28 - r. Let s = -7 + k. Let z(a) = a**2 + 4. Calculate z(s).
13
Let o(d) = -d**2 + 2*d + 3. Let j be (-9)/15 + 196/35. Suppose j*p + 11 = 1. Determine o(p).
-5
Suppose 2*x - 12 = -3*p, 5*p = 3 + 7. Let a(b) = 5*b + 8. Let o(r) = -3*r - 4. Let u(l) = -6*a(l) - 11*o(l). Calculate u(x).
5
Let r(l) = -l + 57. Let v be r(54). Let n(g) be the third derivative of 3*g**2 + 0 + 1/2*g**v - 1/24*g**4 + 0*g. What is n(4)?
-1
Let b(g) = 5*g - 7. Let j(p) be the first derivative of 2*p**2 - 6*p - 5. Let o(y) = 5*b(y) - 6*j(y). Give o(4).
5
Let f be 1 - ((-24)/3)/(-2). Let v(d) = -2*d**2 + d - 1. Let k(t) = 5*t**2 - t + 1. Let h(n) = f*k(n) - 7*v(n). Let l be (-6)/(-5)*5/(-2). Give h(l).
7
Let p(c) = 3*c**2 + 3 - 4*c**2 - 8*c + 0*c**2. Let o(n) = -n**3 + 36*n**2 - 68*n - 8. Let v be o(34). Calculate p(v).
3
Let g(q) = -q**2 + 7*q - 8. Let b be -4 - (2 - (21 + 4)). Suppose 5*y = 11 + b. Determine g(y).
-2
Let c(g) be the second derivative of -g**3/6 + 3*g**2 + 18*g. Let k(f) = -f**3 - 3*f**2 + f + 3. Let m be k(-3). Give c(m).
6
Let n(u) = u**3 + 86 - 27 - 29 - 18 - 25 + u - 11*u**2. Suppose 0*s + 65 = 5*r + 2*s, 0 = -4*r - 3*s + 59. Calculate n(r).
-2
Let v(b) = 4*b - 8*b - 7*b. Let r(l) = -17*l - 220. Let i be r(-13). Determine v(i).
-11
Let b(v) = -v**3 + 8*v**2 - 6*v - 3. Let q(c) = 11*c**2 + 1. Let s be q(-1). Suppose -4 = s*n - 88. Determine b(n).
4
Let p = -47 + 51. Let h(a) = -p + 11*a**2 - 3*a - 10*a**2 + 5*a**2 - a**3. Give h(5).
6
Let d = 35 - 25. Let f be d/(-25) + (-27)/(-5). Let g(j) = -j**2 + 4*j + 1. Give g(f).
-4
Let h(u) = -5*u. Suppose -4*n - 7 = -2*s - 17, s = -4*n + 13. What is h(s)?
-5
Let r(k) = 9*k**2 + 5 + 2*k + k - k - 7. What is r(1)?
9
Let t(f) = f - 2. Let w(m) = 2*m**2 - m + 3. Let g(x) = -x**2 + x - 2. Let y(z) = 3*g(z) + 2*w(z). Let l be y(-3). Calculate t(l).
4
Let f(u) be the first derivative of -u**6/360 - 7*u**5/120 + u**4/6 + 7*u**3/3 - 22. Let b(x) be the third derivative of f(x). Calculate b(-7).
4
Let y be (4/8)/((55/(-50))/(-11)). Let c(u) be the first derivative of -u**2 - 34. Determine c(y).
-10
Let k(t) = t**3 + 18*t**2 + t + 17. Let n be k(-18). Let f(x) = -16*x**2 + 2*x + 1. Give f(n).
-17
Let r(t) = -3*t + 25. Suppose 0 = -6*v - 21*v + 216. What is r(v)?
1
Let y(m) = 2. Let q(j) = 8*j**2 - 12. Let b(l) = q(l) + 6*y(l). What is b(1)?
8
Let d(h) be the third derivative of 0*h + 0 + 5/3*h**3 - 1/24*h**4 - 12*h**2. What is d(8)?
2
Let n(m) = -580*m + 292*m + 294*m. What is n(2)?
12
Let w(t) be the second derivative of 1/12*t**4 - 2*t - t**2 + 0 - 7/6*t**3. Calculate w(6).
-8
Let d(h) be the third derivative of 0 - 7/24*h**4 + 6*h**2 + 0*h - 1/120*h**5 + 2/3*h**3. Let r(l) be the first derivative of d(l). Determine r(0).
-7
Suppose 5*s + 15 = 0, 0*t - 10 = 4*t + 2